{"id":863,"date":"2019-11-10T11:48:29","date_gmt":"2019-11-10T14:48:29","guid":{"rendered":"https:\/\/www.pauta.me\/novo\/?page_id=863"},"modified":"2019-11-26T14:01:27","modified_gmt":"2019-11-26T17:01:27","slug":"modulo-midia","status":"publish","type":"page","link":"https:\/\/www.pauta.me\/novo\/modulo-midia\/","title":{"rendered":"M\u00f3dulo: M\u00eddia On\/Off"},"content":{"rendered":"<figure><img decoding=\"async\" loading=\"lazy\" width=\"110\" height=\"110\" src=\"https:\/\/www.pauta.me\/novo\/wp-content\/uploads\/sites\/3\/midia_icone.png\" alt=\"\" \/><\/figure>\n<h1>M\u00d3DULO M\u00cdDIA On\/Off<\/h1>\n<p>Gest\u00e3o completa dos planos de m\u00eddia e pedidos de insera\u00e7\u00e3o.<\/p>\n<h6>Neste m\u00f3dulo o operador pode gerenciar planos de m\u00eddias com ferramentas para pedido de inser\u00e7\u00e3o, organiza\u00e7\u00e3o de cadastros de ve\u00edculos de comunica\u00e7\u00e3o, programas e tabelas de pre\u00e7os<\/h6>\n<h1>Ideal para os operadores:<\/h1>\n<ul>\n<li>\n<h2>Atendimento<\/h2>\n<\/li>\n<li>\n<h2>Respons\u00e1vel pela elabora\u00e7\u00e3o dos planos de m\u00eddia<\/h2>\n<\/li>\n<\/ul>\n<h1>Principais Recursos:<\/h1>\n<figure><img decoding=\"async\" loading=\"lazy\" width=\"555\" height=\"269\" src=\"https:\/\/www.pauta.me\/novo\/wp-content\/uploads\/sites\/3\/modulo-midia-alertas.jpg\" alt=\"\" srcset=\"https:\/\/www.pauta.me\/novo\/wp-content\/uploads\/sites\/3\/modulo-midia-alertas.jpg 555w, https:\/\/www.pauta.me\/novo\/wp-content\/uploads\/sites\/3\/modulo-midia-alertas-300x145.jpg 300w\" sizes=\"(max-width: 555px) 100vw, 555px\" \/><\/figure>\n<h1>Alertas importantes<\/h1>\n<p>Os alertas s\u00e3o recursos<br \/>\nque ajudam o operador de<br \/>\nm\u00eddia no processo de<br \/>\nfaturamento assim como<br \/>\nna cobran\u00e7a de notas<br \/>\nfiscais dos ve\u00edculos<\/p>\n<figure><img decoding=\"async\" loading=\"lazy\" width=\"436\" height=\"352\" src=\"https:\/\/www.pauta.me\/novo\/wp-content\/uploads\/sites\/3\/modulo-midia-faturamento.png\" alt=\"\" srcset=\"https:\/\/www.pauta.me\/novo\/wp-content\/uploads\/sites\/3\/modulo-midia-faturamento.png 436w, https:\/\/www.pauta.me\/novo\/wp-content\/uploads\/sites\/3\/modulo-midia-faturamento-300x242.png 300w\" sizes=\"(max-width: 436px) 100vw, 436px\" \/><\/figure>\n<h1>Faturamento<\/h1>\n<p>Flexibilidade no faturamento de PI\u2019s com os 6<br \/>\ntipos contemplados.<br \/>\nEsse recurso \u00e9 integrado<br \/>\nao m\u00f3dulo financeiro.<\/p>\n<figure><img decoding=\"async\" loading=\"lazy\" width=\"1174\" height=\"609\" src=\"https:\/\/www.pauta.me\/novo\/wp-content\/uploads\/sites\/3\/modulo-midia-emissao-pi.png\" alt=\"\" srcset=\"https:\/\/www.pauta.me\/novo\/wp-content\/uploads\/sites\/3\/modulo-midia-emissao-pi.png 1174w, https:\/\/www.pauta.me\/novo\/wp-content\/uploads\/sites\/3\/modulo-midia-emissao-pi-300x156.png 300w, https:\/\/www.pauta.me\/novo\/wp-content\/uploads\/sites\/3\/modulo-midia-emissao-pi-768x398.png 768w, https:\/\/www.pauta.me\/novo\/wp-content\/uploads\/sites\/3\/modulo-midia-emissao-pi-1024x531.png 1024w\" sizes=\"(max-width: 1174px) 100vw, 1174px\" \/><\/figure>\n<h1>Emiss\u00e3o de PI<\/h1>\n<p>Emita suas PI\u2019s em PDF<br \/>\ncom formatos de<br \/>\nvisualiza\u00e7\u00f5es espec\u00edficas<br \/>\npara clientes ou ve\u00edculos.<\/p>\n<h1>Integra\u00e7\u00f5es<\/h1>\n<ul>\n<li>\n<h2>M\u00f3dulo de Projetos: recebe e cria atividades para outros departamentos.<\/h2>\n<\/li>\n<li>\n<h2>M\u00f3dulo Financeiro: Emite para o financeiro as PI&#8217;s para faturamento de acordo com o tipo de faturamento.<\/h2>\n<\/li>\n<li>\n<h2>Google Drive, OneDrive, Dropbox ou conex\u00e3o com servidor via FTPS: \u00c9 poss\u00edvel plugar a sua nuvem no Pauta.Me para o armazenamento de documentos como comprovantes de entregas, notas fiscais e etc.<\/h2>\n<\/li>\n<li>\n<h2>Softwares de BI (Bussiness Inteligence): \u00c9 poss\u00edvel plugar os dados desse m\u00f3dulo em um software de BI como Google Studio, Qlikview entre outros e contar com os recursos que esses softwares oferecem na gest\u00e3o dos dados.<\/h2>\n<\/li>\n<\/ul>\n<h1>Screenshots<\/h1>\n<p>\t\t\t\t\t\t\t\t\t\t<img decoding=\"async\" loading=\"lazy\" width=\"994\" height=\"681\" src=\"https:\/\/www.pauta.me\/novo\/wp-content\/uploads\/sites\/3\/modulo-midia-painel1.png\" alt=\"\" srcset=\"https:\/\/www.pauta.me\/novo\/wp-content\/uploads\/sites\/3\/modulo-midia-painel1.png 994w, https:\/\/www.pauta.me\/novo\/wp-content\/uploads\/sites\/3\/modulo-midia-painel1-300x206.png 300w, https:\/\/www.pauta.me\/novo\/wp-content\/uploads\/sites\/3\/modulo-midia-painel1-768x526.png 768w\" sizes=\"(max-width: 994px) 100vw, 994px\" \/>\t\t\t\t\t\t\t\t\t\t\t<\/p>\n<figure class='gallery-item'>\n\t\t\t\t<a data-elementor-open-lightbox=\"yes\" data-elementor-lightbox-slideshow=\"37f1870\" href='https:\/\/www.pauta.me\/novo\/wp-content\/uploads\/sites\/3\/midia-cadastro-veiculos.png'><img decoding=\"async\" loading=\"lazy\" width=\"150\" height=\"150\" src=\"https:\/\/www.pauta.me\/novo\/wp-content\/uploads\/sites\/3\/midia-cadastro-veiculos-150x150.png\" alt=\"\" aria-describedby=\"gallery-3-866\" \/><\/a><figcaption class='wp-caption-text gallery-caption' id='gallery-3-866'>\n\t\t\t\tCadastro de Veiculo<br \/>\n\t\t\t\t<\/figcaption><\/figure>\n<figure class='gallery-item'>\n\t\t\t\t<a data-elementor-open-lightbox=\"yes\" data-elementor-lightbox-slideshow=\"37f1870\" href='https:\/\/www.pauta.me\/novo\/wp-content\/uploads\/sites\/3\/midia-dashboard.png'><img decoding=\"async\" loading=\"lazy\" width=\"150\" height=\"150\" src=\"https:\/\/www.pauta.me\/novo\/wp-content\/uploads\/sites\/3\/midia-dashboard-150x150.png\" alt=\"\" aria-describedby=\"gallery-3-867\" \/><\/a><figcaption class='wp-caption-text gallery-caption' id='gallery-3-867'>\n\t\t\t\tDashboard<br \/>\n\t\t\t\t<\/figcaption><\/figure>\n<figure class='gallery-item'>\n\t\t\t\t<a data-elementor-open-lightbox=\"yes\" data-elementor-lightbox-slideshow=\"37f1870\" href='https:\/\/www.pauta.me\/novo\/wp-content\/uploads\/sites\/3\/midia-importar-tabela.png'><img decoding=\"async\" loading=\"lazy\" width=\"150\" height=\"150\" src=\"https:\/\/www.pauta.me\/novo\/wp-content\/uploads\/sites\/3\/midia-importar-tabela-150x150.png\" alt=\"\" aria-describedby=\"gallery-3-868\" \/><\/a><figcaption class='wp-caption-text gallery-caption' id='gallery-3-868'>\n\t\t\t\tImportar tabelas de pre\u00e7os<br \/>\n\t\t\t\t<\/figcaption><\/figure>\n<figure class='gallery-item'>\n\t\t\t\t<a data-elementor-open-lightbox=\"yes\" data-elementor-lightbox-slideshow=\"37f1870\" href='https:\/\/www.pauta.me\/novo\/wp-content\/uploads\/sites\/3\/midia-mapa.png'><img decoding=\"async\" loading=\"lazy\" width=\"150\" height=\"150\" src=\"https:\/\/www.pauta.me\/novo\/wp-content\/uploads\/sites\/3\/midia-mapa-150x150.png\" alt=\"\" aria-describedby=\"gallery-3-869\" \/><\/a><figcaption class='wp-caption-text gallery-caption' id='gallery-3-869'>\n\t\t\t\tMapa de M\u00eddia<br \/>\n\t\t\t\t<\/figcaption><\/figure>\n<figure class='gallery-item'>\n\t\t\t\t<a data-elementor-open-lightbox=\"yes\" data-elementor-lightbox-slideshow=\"37f1870\" href='https:\/\/www.pauta.me\/novo\/wp-content\/uploads\/sites\/3\/midia-personas.png'><img decoding=\"async\" loading=\"lazy\" width=\"150\" height=\"150\" src=\"https:\/\/www.pauta.me\/novo\/wp-content\/uploads\/sites\/3\/midia-personas-150x150.png\" alt=\"\" aria-describedby=\"gallery-3-870\" \/><\/a><figcaption class='wp-caption-text gallery-caption' id='gallery-3-870'>\n\t\t\t\tVisualiza\u00e7\u00e3o de Personas<br \/>\n\t\t\t\t<\/figcaption><\/figure>\n<figure class='gallery-item'>\n\t\t\t\t<a data-elementor-open-lightbox=\"yes\" data-elementor-lightbox-slideshow=\"37f1870\" href='https:\/\/www.pauta.me\/novo\/wp-content\/uploads\/sites\/3\/midia-pi-editar.png'><img decoding=\"async\" loading=\"lazy\" width=\"150\" height=\"150\" src=\"https:\/\/www.pauta.me\/novo\/wp-content\/uploads\/sites\/3\/midia-pi-editar-150x150.png\" alt=\"\" aria-describedby=\"gallery-3-871\" \/><\/a><figcaption class='wp-caption-text gallery-caption' id='gallery-3-871'>\n\t\t\t\tEditar PI<br \/>\n\t\t\t\t<\/figcaption><\/figure>\n<figure class='gallery-item'>\n\t\t\t\t<a data-elementor-open-lightbox=\"yes\" data-elementor-lightbox-slideshow=\"37f1870\" href='https:\/\/www.pauta.me\/novo\/wp-content\/uploads\/sites\/3\/midia-plano.png'><img decoding=\"async\" loading=\"lazy\" width=\"150\" height=\"150\" src=\"https:\/\/www.pauta.me\/novo\/wp-content\/uploads\/sites\/3\/midia-plano-150x150.png\" alt=\"\" aria-describedby=\"gallery-3-872\" \/><\/a><figcaption class='wp-caption-text gallery-caption' id='gallery-3-872'>\n\t\t\t\tVis\u00e3o do Plano de M\u00eddia<br \/>\n\t\t\t\t<\/figcaption><\/figure>\n<figure class='gallery-item'>\n\t\t\t\t<a data-elementor-open-lightbox=\"yes\" data-elementor-lightbox-slideshow=\"37f1870\" href='https:\/\/www.pauta.me\/novo\/wp-content\/uploads\/sites\/3\/midia-plano-edicao.png'><img decoding=\"async\" loading=\"lazy\" width=\"150\" height=\"150\" src=\"https:\/\/www.pauta.me\/novo\/wp-content\/uploads\/sites\/3\/midia-plano-edicao-150x150.png\" alt=\"\" aria-describedby=\"gallery-3-873\" \/><\/a><figcaption class='wp-caption-text gallery-caption' id='gallery-3-873'>\n\t\t\t\tEditar Plano de M\u00eddia<br \/>\n\t\t\t\t<\/figcaption><\/figure>\n<figure class='gallery-item'>\n\t\t\t\t<a data-elementor-open-lightbox=\"yes\" data-elementor-lightbox-slideshow=\"37f1870\" href='https:\/\/www.pauta.me\/novo\/wp-content\/uploads\/sites\/3\/midia-relatorio.png'><img decoding=\"async\" loading=\"lazy\" width=\"150\" height=\"150\" src=\"https:\/\/www.pauta.me\/novo\/wp-content\/uploads\/sites\/3\/midia-relatorio-150x150.png\" alt=\"\" aria-describedby=\"gallery-3-874\" \/><\/a><figcaption class='wp-caption-text gallery-caption' id='gallery-3-874'>\n\t\t\t\tRelat\u00f3rio<br \/>\n\t\t\t\t<\/figcaption><\/figure>\n<figure class='gallery-item'>\n\t\t\t\t<a data-elementor-open-lightbox=\"yes\" data-elementor-lightbox-slideshow=\"37f1870\" href='https:\/\/www.pauta.me\/novo\/wp-content\/uploads\/sites\/3\/midia-visao-pi.png'><img decoding=\"async\" loading=\"lazy\" width=\"150\" height=\"150\" src=\"https:\/\/www.pauta.me\/novo\/wp-content\/uploads\/sites\/3\/midia-visao-pi-150x150.png\" alt=\"\" aria-describedby=\"gallery-3-875\" \/><\/a><figcaption class='wp-caption-text gallery-caption' id='gallery-3-875'>\n\t\t\t\tVis\u00e3o da PI<br \/>\n\t\t\t\t<\/figcaption><\/figure>\n","protected":false},"excerpt":{"rendered":"<p>M\u00d3DULO M\u00cdDIA On\/Off Gest\u00e3o completa dos planos de m\u00eddia e pedidos de insera\u00e7\u00e3o. Neste m\u00f3dulo o operador pode gerenciar planos de m\u00eddias com ferramentas para pedido de inser\u00e7\u00e3o, organiza\u00e7\u00e3o de cadastros de ve\u00edculos de comunica\u00e7\u00e3o, programas e tabelas de pre\u00e7os Ideal para os operadores: Atendimento Respons\u00e1vel pela elabora\u00e7\u00e3o dos planos de m\u00eddia Principais Recursos: Alertas [&hellip;]<\/p>\n","protected":false},"author":1,"featured_media":0,"parent":0,"menu_order":0,"comment_status":"closed","ping_status":"closed","template":"elementor_header_footer","meta":[],"_links":{"self":[{"href":"https:\/\/www.pauta.me\/novo\/wp-json\/wp\/v2\/pages\/863"}],"collection":[{"href":"https:\/\/www.pauta.me\/novo\/wp-json\/wp\/v2\/pages"}],"about":[{"href":"https:\/\/www.pauta.me\/novo\/wp-json\/wp\/v2\/types\/page"}],"author":[{"embeddable":true,"href":"https:\/\/www.pauta.me\/novo\/wp-json\/wp\/v2\/users\/1"}],"replies":[{"embeddable":true,"href":"https:\/\/www.pauta.me\/novo\/wp-json\/wp\/v2\/comments?post=863"}],"version-history":[{"count":25,"href":"https:\/\/www.pauta.me\/novo\/wp-json\/wp\/v2\/pages\/863\/revisions"}],"predecessor-version":[{"id":1339,"href":"https:\/\/www.pauta.me\/novo\/wp-json\/wp\/v2\/pages\/863\/revisions\/1339"}],"wp:attachment":[{"href":"https:\/\/www.pauta.me\/novo\/wp-json\/wp\/v2\/media?parent=863"}],"curies":[{"name":"wp","href":"https:\/\/api.w.org\/{rel}","templated":true}]}}